5*f - y = 17. Let a be f/(-45) - (-52)/(-10). Let v(c) = -3*c - 3. Calculate v(a).
15
Let n(x) be the third derivative of -7/60*x**5 + 1/120*x**6 - 3/2*x**3 - 20*x**2 + 0*x + 5/12*x**4 + 0. Give n(6).
15
Let o = -42 - -62. Suppose -18*n = -13*n - o. Let c(t) = -2*t + 7*t**3 + 0*t**2 - 6*t**3 + 6*t - 5*t**2. Calculate c(n).
0
Let x be ((-68)/(-34))/(1/1). Let r(j) = j - 3. Determine r(x).
-1
Let j(s) = -s**3 - 7*s**2 + 8*s + 1. Let v(t) = 23 - 47 + 25. Let x(f) = -j(f) - 4*v(f). Calculate x(-8).
-5
Let f(d) = d - 3. Let n be (-3)/2*(-44)/6. Let i be (-30)/165 - 64/n. Give f(i).
-9
Let m(s) = s**2 + 8*s - 13. Let p be m(-10). Let b(g) = -5*g**2 + 6*g + 7. Let l(h) = -7*h**2 + 5*h + 6. Let w(j) = 3*b(j) - 2*l(j). Calculate w(p).
16
Let l(m) = -m**2 - 3*m + 3. Suppose 112 = -38*a + 22*a. Determine l(a).
-25
Let o be 15/(-9)*(-12)/20. Let y be 3*o - (-156)/(-26). Let g(i) = 4*i**3 + i**2 + 2*i - 7. Let z(x) = x**3 + x**2 + x - 1. Let k(p) = g(p) - 5*z(p). Give k(y).
-2
Let v(y) be the third derivative of y**4/24 - 7*y**3/6 - 26*y**2. Suppose 2*t - 1 = 5. Let z = 9 - t. Determine v(z).
-1
Let n(r) = -10*r**3 + 2*r**2 - 2. Let v be n(-1). Let b(u) = u - 2. Give b(v).
8
Let i = 30 + -23. Suppose o + i = 4*g, 3*o + 5*g = 2*g + 24. Let y be (o - 3)*1*3. Let n(d) = -d**3 + 7*d**2 - 5*d + 3. Determine n(y).
9
Let x be ((-171)/228)/(1 + (-57)/48). Let c(v) = -3*v**2 + 3*v - 6. Calculate c(x).
-42
Let w be ((-27)/(-2))/((-6)/(-12)). Suppose -3 + w = -4*d. Let a(j) = -2*j - 6. Give a(d).
6
Suppose -5*b + 2*b - 33 = 0. Let m = b + 11. Let y(j) = j**3 - j**2 - j - 5. What is y(m)?
-5
Let y(k) = -k**2 - k + 20 - 21 + 0*k - k**3. Suppose -4*z + z = 0. Let l be z + 0 + 0 - 2. Give y(l).
5
Let z(g) = -2*g - 46. Let r be ((-234)/(-24))/((-3)/8). What is z(r)?
6
Let p(l) = -21*l**2 - 4*l + 1. Let m(b) = 80*b**2 + 15*b - 4. Let n(j) = 6*m(j) + 23*p(j). Let i be -1*((0 - -2) + -1). Determine n(i).
-2
Suppose -283 = -2*f - 5*x - 107, -2*x - 352 = -4*f. Let k be 1/(f/30 + -3). Let b(r) = r**2 + 16*r + 13. Let c be b(k). Let q(v) = -2*v**2 - 4*v - 3. Give q(c).
-3
Let t(o) be the third derivative of -13*o**5/12 - o**3/6 - 206*o**2. What is t(-1)?
-66
Suppose 4*y + 9 = -11, 4*t - 19 = -y. Let x be (-4 + 8 - 7) + 1*-2. Let q(a) = a + 16. Let f(h) = -3*h - 33. Let z(c) = x*q(c) - 2*f(c). What is z(t)?
-8
Let o(r) = -r**2 - 4*r - 1. Let m(i) = -i**3 - 3*i**2 + 17*i - 9. Let x be m(-6). Give o(x).
2
Let s(w) = 4*w + 1. Suppose 0 = -3*x + 7*x - 12, 18 = -3*a + x. Let l(k) = -k - 3. Let t be l(a). What is s(t)?
9
Let j(k) = -k**2 + 1 + 84*k + 1 - 90*k. Let o = -15 - -12. Determine j(o).
11
Let m(i) = -16*i + 15. Let b(a) = -62*a + 65. Let w(k) = -6*b(k) + 26*m(k). Calculate w(-1).
44
Let i(q) = -q**2 + 4*q + 4. Let p = -500 + 504. Determine i(p).
4
Let o be 20/6*(-6)/5. Let u(h) be the first derivative of -h**2 - 3*h - 1694. Determine u(o).
5
Let m(c) = -c**3 - c**2 + c + 15. Let w(x) = 6*x. Let t be w(1). Suppose 5*s = t*s. Give m(s).
15
Let n(y) be the first derivative of -y**4/4 + 4*y**3/3 + 3*y**2/2 + 3*y + 2. Suppose 57*f = 84*f - 135. Calculate n(f).
-7
Let w(x) = -x**3 - 10*x**2 - 10*x - 8. Let k(s) = -s**3 + 8*s**2 - 3*s - 37. Let b be k(7). Calculate w(b).
1
Suppose -12*n = 177 - 33. Let a(d) = d**3 + 11*d**2 - 11*d + 5. What is a(n)?
-7
Let f(a) = -a - 9 - 15 + 21. Determine f(-11).
8
Let a(b) = 19*b**2 + 8*b + 22. Let j(u) = -9*u**2 - 4*u - 10. Let s(n) = 4*a(n) + 9*j(n). Let h be (2/4 + -1)*4. Give s(h).
-14
Suppose 0 = 4*x - 10 - 6. Suppose 3*v + 19 = x. Let k(w) be the second derivative of -w**3/2 - w**2 - 3*w. Determine k(v).
13
Let p(b) = b**3 + 6*b**2 + 4*b + 1. Let z be (7 + -10)*18/(-2). Suppose -z = -8*q + 5*q - 3*a, q - 13 = -5*a. Suppose -q = 2*g + 2. What is p(g)?
6
Let c(n) = -7*n - 1. Let h be (((-36)/(-1))/(-4))/1. Let z = h - -12. Suppose z*d + 3*m = d - 11, -3*d - m = -1. What is c(d)?
-15
Let b(n) = 10*n - 1. Suppose -5*i - 5 = -r - 27, -2*r - 4*i = -26. Suppose -r*g + 10 + 5 = 0. Suppose 6 = -g*a + 1. Calculate b(a).
-11
Suppose 0*r + 3*r = 6. Let l be 1/(r*4/8). Let o(g) = 3. Let p(v) = -2*v + 13. Let d(m) = -9*o(m) + 2*p(m). Determine d(l).
-5
Let m(g) be the third derivative of g**9/60480 - g**8/4032 + g**7/2520 - g**6/144 - 3*g**5/10 + 14*g**2. Let l(v) be the third derivative of m(v). Give l(5).
5
Suppose 27*k + 108 = 33*k. Let h(c) = -c**2 + 17*c + 21. Calculate h(k).
3
Let s(r) = -r**2 + 9*r - 5. Let j(z) = 16*z - 56. Let d be j(4). Determine s(d).
3
Let a(i) be the second derivative of -i**5/20 - i**4/3 + i**3/2 + 3*i**2/2 + 33*i + 1. Determine a(-5).
13
Suppose -2*n - 16*n = 2*n. Let i(g) be the second derivative of g + 0 + 1/6*g**3 + n*g**2. Calculate i(0).
0
Suppose 0 = 30*v - 40*v - 20. Let a(m) = 3*m**2 - 5*m**2 - m + m**2. What is a(v)?
-2
Let v(j) be the third derivative of j**6/24 + j**3/6 + j**2. Let m = -2 - -2. Let b = 1 + m. Determine v(b).
6
Let c be (124*(-4)/(-64))/((-2)/8). Let b = c + 35. Let d(w) = -w**2 + 4*w + 4. Give d(b).
4
Let k be ((2 - 5) + 5)*8. Suppose -3*u = -7*u - k. Let d(q) = 3*q + 6. Give d(u).
-6
Let w = 85 - 12. Let t(p) = -6*p - 6*p**2 + 3*p**2 + 0*p - 72*p**3 + w*p**3 + 3. Give t(4).
-5
Let x(u) = -2*u. Suppose 280*z = 283*z + 12. Give x(z).
8
Let p = 133 - 133. Let b(y) = -y**2 + y + 1. Let d(g) = -g**3 + 6*g**2 - 5*g - 1. Let f(h) = 6*b(h) + d(h). Calculate f(p).
5
Let w(l) = 2*l**2 + 32*l - 11. Let n(f) = f**2 + 26*f - 11. Let y(j) = -4*n(j) + 3*w(j). Determine y(6).
35
Let o(k) = -2*k + 16. Suppose 22*l = 126 + 50. What is o(l)?
0
Suppose 2*c + 7 = 3*c. Suppose -2*t + c*t = 20. Let o(k) be the third derivative of -k**5/60 + 7*k**4/24 - k**3 + 14*k**2. Give o(t).
6
Let t = -40/39 + 111/104. Let g(i) be the third derivative of 6*i**2 + t*i**4 + 0 + 0*i + 7/6*i**3. Determine g(-7).
0
Let a = 9 + -8. Let k(o) = 2*o + 14. Suppose -3*n + 44 = n. Let h(l) = -l - 5. Let y(f) = n*h(f) + 4*k(f). Give y(a).
-2
Let m = -1026 - -1024. Let t(n) = 4*n**2 + 5*n + 5. Give t(m).
11
Let d(f) be the first derivative of -f**3/3 - 11*f**2/2 - 15*f - 102. What is d(-8)?
9
Let x(u) be the third derivative of u**6/120 + u**5/12 + u**4/4 + 5*u**3/3 - 6*u**2 + u. What is x(-4)?
2
Let u(j) = j + 3. Let d(k) = 3*k**3 + k**2 - 5. Let z(l) = -2*l**3 + 2. Let b(r) = 2*d(r) + 5*z(r). Let x be b(1). Determine u(x).
1
Let s(b) = b - 1. Suppose -3*t + 8 = -2*t. Let o be (t/(-5))/(4/(-10)). Suppose -11 = -3*h + o. What is s(h)?
4
Let y(p) = p**2 + 5*p + 6. Let v = 30 - 21. Suppose v*a - 4*a + 40 = 5*o, 3*a + 22 = 2*o. Calculate y(a).
12
Let m = -42 - -39. Let y be m*((-51)/9 + 4). Let d(a) = -6*a - 4. Let b(n) = -n - 1. Let x(k) = y*b(k) - d(k). Calculate x(-4).
-5
Let b(c) be the third derivative of c**5/120 - c**4/6 - c**3/2 + 5*c**2. Let o(s) be the first derivative of b(s). Calculate o(3).
-1
Let j be 567/140 + 28/(-7). Let o(i) be the second derivative of 10*i + 0 + 1/2*i**3 - i**2 + 1/3*i**4 - j*i**5. Determine o(5).
-12
Suppose 28 = 4*d - 4*u, 2*d + u - 26 = 6*u. Let b(k) = 2*k**2 + 0*k**2 + 0 - k - d. What is b(3)?
12
Let p(w) = -w**3 - 13*w**2 + 17*w + 26. Let g(m) = -m**3 - 12*m**2 + 17*m + 23. Let x(o) = -7*g(o) + 6*p(o). Determine x(-8).
3
Let o = 240 - 243. Let r(n) = 3*n + 8. Give r(o).
-1
Let j(g) = -g**3 + 2*g**2 + 5*g + 2. Suppose -2*s = 2*a + 3*a + 9, -1 = a. Determine j(s).
8
Let y(o) = o - 3. Suppose 171*z - 612 = 135*z. Determine y(z).
14
Let j be -21 + -5 - (1 + -5). Let u = -20 - j. Let a(b) = -b**2 - 1. What is a(u)?
-5
Let q(w) be the first derivative of w**3/3 + w**2/2 - 36*w + 208. Determine q(6).
6
Let j(y) = 7*y - 20. Let p(f) = -2*f + 4. Let w(i) = -j(i) - 4*p(i). Calculate w(-3).
1
Let i = 22 + -20. Let n(h) = i*h - 13 - h + 17. What is n(-9)?
-5
Let v(d) be the second derivative of d**6/144 - d**4/3 - 7*d. Let b(t) be the third derivative of v(t). Suppose -10 + 15 = 5*a. What is b(a)?
5
Let q(m) = 3*m - 2. Let n(s) = -2*s + 25. Let h(b) = -b - 1. Let o(u) = 5*h(u) - n(u). Let k be o(-11). Give q(k).
7
Suppose 0 = 5*h + n + 3*n - 15, 3*n = -5*h + 20. Let y(b) = -3 - h*b**2 + 2*b**2 + 6*b + 10*b**2 - 4*b**2. What is y(-6)?
-3
Let o(d) = d + 10. Let r(a) = -a - 1. Let p be r(-6). Let b(k) = 2 - 9 + 2 - 1 - k - 4. Let w(t) = p*b(t) + 6*o(t). Determine w(-5).
5
Let p(u) = 5*u**3 + u**2. Suppose 6*i = 5*i +